 is divided by 203.
200
Let l = -255 - -257. Calculate the remainder when 426 is divided by (-33)/l*(-4)/6.
8
Let d(l) = 1201*l + 3661. What is the remainder when 8811 is divided by d(-3)?
53
Let n be 1/24*8 - 590/6. Let w = n + 230. What is the remainder when w is divided by 46?
40
Suppose 0 + 1 = u. Let x be 193 - ((-2)/u - -1). Suppose -4*d + 522 - x = 0. Calculate the remainder when d is divided by 17.
14
Let b = -5765 + 11244. Suppose b = -13*a - 1073. What is the remainder when (a/35 - -4)/((-2)/10) is divided by 14?
10
Let i be (-84)/70*((-1520)/(-6))/(-4). Let d = -61 + i. What is the remainder when 87 is divided by d?
12
Calculate the remainder when 4*(6 + -2)/12*123 is divided by 6/4*2354/321.
10
Let w(n) = 3*n + 79 - 9*n + 8*n - 3*n. What is the remainder when w(5) is divided by 14?
4
Suppose 5*t + 68 = 78. Calculate the remainder when 65 is divided by 0/(t + -6) + 0 + 10.
5
Suppose 0 = n + n - 2. Let v(c) = -45 + 87 - 42 + 10*c. Calculate the remainder when 68 is divided by v(n).
8
Suppose -3*w + 2*b + 20 = -0*w, 3*b = -12. What is the remainder when 762 is divided by w?
2
Let v(m) = 11*m + 2. Calculate the remainder when v(3) is divided by (-8 - (-25 - -12))*(-363)/(-55).
2
Let p be ((-6)/15)/((-3)/420*2). Let h be 4*(-7)/p + 0 + 113. Suppose 0 = 5*j - h - 43. Calculate the remainder when 123 is divided by j.
30
Let z(v) = -v**3 - 32*v**2 - 47*v + 73. Let w be z(-31). Let y = w + -557. What is the remainder when 116 is divided by y?
8
Let l(a) = -45*a**3 + 2*a**2 + 4*a + 8. Let n be l(-2). Let q = n + -334. What is the remainder when q is divided by 10?
4
Let b(c) = c**3 - 26*c**2 + 9*c + 22. Let m = 10 + 42. Calculate the remainder when b(26) is divided by m.
48
Suppose 2162 - 1218 = 16*j. Calculate the remainder when 346 is divided by j.
51
Let s = -31 + 55. Let c(b) = 2*b**3 - 18*b**2 - 40*b + 65. What is the remainder when c(11) is divided by s?
13
Let u = 782 + -780. Suppose -a = u*i - 89, -a + 4*i = -67 - 16. What is the remainder when a is divided by 31?
25
Suppose -3*t = -2*t - 10. Let q = 0 + t. What is the remainder when 147 is divided by q?
7
What is the remainder when 2237 is divided by ((-105)/6)/35 - 71/(-2)?
32
Suppose 0 = -5*j - 3*m + 37, -3*j - 3*m + 0 = -27. Let x = 32 - 12. Calculate the remainder when 2/(-10) - (-784)/x is divided by j.
4
Let p be (-76)/(-18) + 24/(-108). Suppose -3*m = -h + 14, -42 = -4*h + p*m + m. What is the remainder when 49 is divided by (507/26)/(6/h)?
23
Calculate the remainder when -6 + 21 + (-33 - -8138) is divided by 131.
129
Let r(m) = m**3 - 25. Let d be r(0). Let i = d + 57. Suppose -2*u + 3*n - 2*n + i = 0, -n + 87 = 5*u. What is the remainder when 65 is divided by u?
14
Let x = -5988 + 6162. What is the remainder when 339 is divided by x?
165
Suppose -8*z + 3*z = -3*d - 34, -z - 4 = 0. Let k = 114 + d. Calculate the remainder when k is divided by 50.
46
Suppose 17*h + 132 = 22*h - 2*l, -3*h + 5*l = -102. Calculate the remainder when 94 is divided by h.
22
Suppose 25 = 2*c + 3*c. Let a(d) = -7*d + 15. Let b(q) = 15*q - 33. Let u(t) = -13*a(t) - 6*b(t). What is the remainder when 47 is divided by u(c)?
7
Suppose 4*b + o - 73 - 130 = 0, 5*b = -o + 254. Let x = b + -23. Let y(m) = 2*m**2 + 8. Calculate the remainder when y(6) is divided by x.
24
What is the remainder when 191 is divided by (21/2)/(24/112)?
44
Suppose 47 - 237 = -5*n. Suppose 0 = d - 0*u + 2*u - 1, -u + 33 = 3*d. Calculate the remainder when n is divided by d.
12
Suppose -73 + 3172 = a - 5*u, 4*u = 4*a - 12316. What is the remainder when a is divided by 15?
14
Suppose -73 - 194 = -2*r + 203. What is the remainder when r is divided by 230?
5
Suppose 250*r + 20 = 252*r. Let s(x) = x**3 - 9*x**2 - 10*x + 10. Calculate the remainder when 17 is divided by s(r).
7
Suppose 59 = 7*p - 256. Calculate the remainder when 152 is divided by 3 + (-129)/p - (-7188)/90.
72
Calculate the remainder when (3/4)/((-23 - -53)/158640) is divided by 21.
18
Let m = -185 + 288. Let c = m + -84. Calculate the remainder when 56 is divided by c.
18
Let z = 20 + -34. Suppose w = -5*r - 3, -83 = -4*w + 8*r - 9*r. Let h = w + z. Calculate the remainder when 18 is divided by h.
2
What is the remainder when 88 is divided by 472/26 + -4 + (-400)/(-104)?
16
Let o(v) = v**3 - 12*v**2 - 10*v - 23. Suppose s = 4*r - 0*s - 52, 0 = -5*r + 4*s + 65. Calculate the remainder when 207 is divided by o(r).
15
Calculate the remainder when (-6)/(-5) - 93501/(-45) is divided by 29.
20
Calculate the remainder when 439 is divided by ((-262)/(-16) - 16)*(-2 + 298).
106
Let k be 6/(-3) + 97 + 2. Let c(h) = -h**3 + h**2 - 4*h - 4. Let o be c(4). Let i = k + o. What is the remainder when i is divided by 17?
12
Let p(j) = 4*j - 10 - 92*j**2 + 38*j**2 + 29*j**2 + 29*j**2. Calculate the remainder when p(-3) is divided by 9.
5
What is the remainder when 586 is divided by (8/(-6))/((-109)/315 - (-28)/84)?
61
Let u = 54 - 50. Suppose -5 = -x, -2*s = s - 3*x - 18. What is the remainder when s is divided by u?
3
Let i be (-14)/4*(-4 + -4). Let v = i + 33. Let t = v + -47. What is the remainder when 40 is divided by t?
12
Suppose 8*z + z - 1680 = -5*z. What is the remainder when 702 is divided by z?
102
Let h(k) = -4*k**2 - 34*k + 158. Let g be h(11). Let p = g - -896. Calculate the remainder when p is divided by (-178)/(-8) + (-1)/4.
20
Let d(b) = b**3 + 9*b**2 + 12. Let t be d(-11). Let x be ((-6)/5)/(3/t). Suppose 47*u - 51*u = -x. What is the remainder when u is divided by 10?
3
Let a = -5061 - -5251. Calculate the remainder when 762 is divided by a.
2
Calculate the remainder when 187 is divided by 1413/5181 + (-1622)/(-22).
39
Suppose 0 = m - 4*u - 883, 6*m - 5*m - 885 = 5*u. What is the remainder when m is divided by 274?
53
Let i = 9411 - 9268. Calculate the remainder when 3025 is divided by i.
22
Suppose -2*q + 137 + 57 = 5*u, 2*u = 3*q + 89. Calculate the remainder when 799 is divided by u.
39
Suppose -3*h = -423*v + 428*v - 8729, 3*v - 5241 = -3*h. What is the remainder when v is divided by 175?
169
Suppose 156*x - 306*x + 162300 = 0. Calculate the remainder when x is divided by 209.
37
Let w(y) = y**3 + 29*y**2 - 59*y + 157. Calculate the remainder when 208 is divided by w(-31).
16
Suppose 2*p + k - 34 = 0, 26 = p + 7*k - 2*k. Let m(d) = -d**2 + d. Let b be m(0). What is the remainder when 74 is divided by p + b + 2*2?
14
Let q = 94 + -113. Let u = 88 + q. Calculate the remainder when u is divided by (1 + (-44)/6)/((-1)/6).
31
Let r(x) = -x**3 + 10*x**2 + 91*x - 4. What is the remainder when (2/4)/(1/406) is divided by r(-6)?
21
Let y(o) = 1317*o**2 + 9*o - 36. What is the remainder when y(2) is divided by 74?
70
Let n(c) = 23*c - 68. Let h be n(3). Calculate the remainder when (-2 - -4) + 1*73 is divided by (1*(-39 + h))/(3 - 5).
18
Suppose 38*z - 188291 = 401013. Calculate the remainder when z is divided by 13.
12
Let j(c) = c**3 + 5*c**2 - 3*c - 2. Suppose 0 = -19*t + 1149 + 29. Calculate the remainder when t is divided by j(-5).
10
Let z(o) = -68*o - 959. What is the remainder when 1758 is divided by z(-15)?
50
Let h = -1392 + 1920. Calculate the remainder when h is divided by 163.
39
Let h(a) = -232*a - 185. Calculate the remainder when h(-2) is divided by (-1768)/(-51) + 2/6.
34
Let f(k) = -196*k - 11032. Calculate the remainder when f(-61) is divided by 210.
84
Let a = -13025 + 13817. What is the remainder when a is divided by 160?
152
Let o be (4 + -1)*(-8)/(-8). Suppose -210 = 5*n - j, o*n + j + 34 = -84. Let t = n + 81. What is the remainder when t is divided by 7?
5
Suppose -x - 3*x + 28 = 0. Suppose -84 = x*w - 224. Let c(q) = 6*q**2 - 6*q - 3. Calculate the remainder when c(5) is divided by w.
17
Suppose 3*g = -g + 12. Calculate the remainder when 77 + -65 - -3*(-1 - 1) is divided by g.
0
Suppose 0 = 23*y - 37*y - 422 + 2032. Calculate the remainder when 351 is divided by y.
6
Let l(o) = o**2 + 2*o - 1. Let j be l(-3). Suppose 6 = -j*d + 5*d. Let t = -15 + 24. What is the remainder when t is divided by d?
1
Suppose -6*w = -44 - 4. Let n be w - (-6)/(-1) - (-1 + -4). What is the remainder when 43 is divided by ((175/(-20))/n)/((-2)/24)?
13
Suppose 30*u + 45*u = 153716 + 17884. Calculate the remainder when u is divided by 109.
108
Suppose 2*r - 15 = -r. 